s digit of t?
5
Let i = 389 - 265. What is the tens digit of i?
2
Suppose 0 = -195*r + 196*r - 72. What is the units digit of r?
2
Let v = 115 - -12. What is the tens digit of v?
2
Let h = 0 - 0. Suppose h*w - 5*w - 15 = 0. What is the units digit of (1/3 + -2)*w?
5
Suppose 15*t - 11*t = 508. What is the tens digit of t?
2
Suppose -3*d + b = -8, 3*d = 7*d - 4*b - 8. What is the units digit of d?
3
What is the hundreds digit of (-38)/(-3*2/105*5)?
1
Suppose 6*r - 10*r = -152. What is the tens digit of r?
3
Let s = 4 + -9. Let w(c) = -c**3 - 4*c**2 + 2*c - 2. What is the tens digit of w(s)?
1
Suppose 3*u + 16 = 7*u. Suppose 5*o - 33 = -0*g - u*g, -3*o + 17 = 2*g. What is the units digit of g?
7
Let b = -2 - -2. Suppose 5*f - 85 = -5*n, b*n = -4*n + 2*f + 92. What is the tens digit of n?
2
Let l = 5 - 5. Suppose 0*s - 3*s + 96 = l. Suppose 0 = -3*j + s - 11. What is the units digit of j?
7
Let q be -1 + -24 + 0/(-10). Let w = -1 - q. What is the tens digit of w?
2
Let s(x) be the second derivative of 7*x**3/6 + x**2/2 + x. Let h = 4 - 3. What is the units digit of s(h)?
8
Let v(j) = -2*j**3 - 11*j**2 - 17*j - 3. What is the units digit of v(-6)?
5
Let s be (-5480)/15 - (-4)/(-6). What is the units digit of s/(-54) + (-4)/(-18)?
7
Suppose 2*i - 70 = -4*w, w = -2*i + 2*w + 45. Suppose 2*r = -3*r + i. What is the units digit of r?
5
Let p(m) = m**3 - 2*m**2 + 2*m. Suppose 4*g + u = 24, -2*u + 0*u + 20 = 4*g. Suppose -2*i = -g*a + 2*a + 6, -4*i = -4*a. What is the units digit of p(i)?
4
Suppose 4*u - 5 - 35 = 0. Suppose -u = -q - 3. What is the units digit of q?
7
Suppose -3*l - 18 = -3*v, -2*l = 5*v + 3*l - 40. What is the units digit of v?
7
Suppose 4*x + 5*k = 172, 95 = 2*x + k + 9. Let t = x + -31. What is the units digit of t?
2
What is the tens digit of (-1)/(-4)*(-172)/(-1)?
4
What is the hundreds digit of 706/(-2)*-3*5/15?
3
Let f(g) = -g**3 + 3*g**2 + g + 2. Let x(w) = w**3 - 2*w**2 + 2*w. Let z be x(2). Let k be f(z). Let u = 0 - k. What is the units digit of u?
0
Let g(m) = m**2 + 2. Let y be g(0). Let o be ((-2)/(-3))/((-8)/(-48)). Suppose 3*z - 31 = o*n, 3*n + 0*n = y*z - 21. What is the units digit of z?
9
Let c = 7 - 2. Suppose -3*a + 54 = t + 2*t, 0 = 4*t + c*a - 73. What is the units digit of t?
7
Let y(x) = 48*x**2 + x + 1. What is the hundreds digit of y(-2)?
1
Let f(b) = -21*b - 23. What is the hundreds digit of f(-15)?
2
Let g = 60 - -35. What is the units digit of g?
5
Let j be (-8)/(-6)*15/10. Suppose -j*n - 3*n + 125 = 0. What is the units digit of n?
5
Let v = 48 + -33. What is the units digit of v?
5
What is the units digit of (-1)/(-2)*-3*(-5540)/30?
7
Suppose 5*p + 2 - 122 = 0. What is the units digit of p?
4
Let x(y) = -y - 5. Let g = -8 - -3. Let b be x(g). Suppose -4*m = 4*c - 3*c - 53, -c + 5 = b. What is the units digit of m?
2
Suppose 3*c - 1581 = -14*c. What is the tens digit of c?
9
Let t = 2 - 0. Suppose -t*g = -4*d + 9 + 7, -3*d + 5*g + 19 = 0. Let l = 1 + d. What is the units digit of l?
4
Let v be (-1)/(3/(-12)) + 2. Suppose -4*n = 5*c + 37, 2*c + 0*c = n + v. Let d = 12 + n. What is the units digit of d?
4
Let q(l) be the second derivative of 1/12*l**4 - 5/6*l**3 + 1/2*l**2 + 0 + 2*l. What is the units digit of q(5)?
1
What is the units digit of (-2)/(-7) - (-1456)/49?
0
Let y(j) be the second derivative of j**3/6 + 13*j**2/2 - 4*j. What is the units digit of y(-6)?
7
Let h(a) = a**2 + 5*a + 4. What is the units digit of h(-5)?
4
Suppose 2*i - 1428 = -4*z - 2*i, 3*z - 1111 = 5*i. What is the tens digit of z?
6
Suppose -12 = -5*s + 3*s. Suppose 2 - s = 4*x - 4*w, x - 3 = -w. What is the units digit of x?
1
Suppose 0*p + 3*p + 9 = 0, -3*r - p = -6. Suppose 15 = 3*d + s, 3*s = d - 12 - r. What is the units digit of d?
6
Let k be (-2 - (-49)/(-2))*-2. Let g = -14 + k. What is the units digit of g?
9
Let o(u) = 6*u - 1. Let y be o(-2). Let s = y + 27. What is the tens digit of s?
1
Let l = 1 - -4. Let c = l - -3. What is the units digit of ((-10)/c)/((-3)/12)?
5
What is the tens digit of 8/(-10)*210/(-4)?
4
Let c = -5 - 4. Suppose -2*o + 34 = -4*o. Let a = c - o. What is the units digit of a?
8
What is the units digit of 2/(-11) + 1194/33?
6
Let d(x) = 3*x + 1. Let m be d(1). Suppose -12 = -0*v - m*v. What is the units digit of 1 + 6/v - -1?
4
Let v(i) be the first derivative of 9*i + 3 + 1/2*i**2. What is the units digit of v(-7)?
2
Let b(u) = 38*u**2 - 9*u + 23. What is the tens digit of b(3)?
3
Suppose -1 = -5*b - 91. Let a be 4/10 + b/(-5). Suppose 0 = 5*f + 4*s - 49, -2*f + 4*s - 22 = -a*f. What is the units digit of f?
9
Let o = -25 - 12. Let t = o - -54. What is the units digit of t?
7
Let k = -27 - -50. What is the units digit of k/(-3)*(1 - 4)?
3
What is the tens digit of 68 + 1 + (-4 - 0) + 1?
6
Let a = 86 + -34. What is the units digit of a?
2
Let d(b) = b + 16. Let c be d(-14). Suppose -4 = c*g - 38. What is the tens digit of g?
1
Suppose 8 = 2*n + 2*n. Suppose -5*w + 11 - 1 = -3*y, -4 = -n*w - 5*y. What is the units digit of w?
2
Suppose -v = -4*r - 9, 7*v - 2*v + r - 24 = 0. Suppose -v*j = z + z - 21, 15 = 5*j + 5*z. What is the units digit of j?
5
Suppose -3*x = -2*r - 16, 0*r = x + 4*r + 18. Suppose 15 = v - 3*i, -x*v = 2*v + 4*i + 4. Suppose -7*n + 12 = -v*n. What is the units digit of n?
3
Let p = 120 + -30. What is the units digit of p?
0
Suppose 4*t + 136 = 8*t. What is the tens digit of t?
3
Suppose -5*u = -4*t - 515, 2*u = -u + t + 316. What is the units digit of u?
7
Suppose 37 + 101 = 2*o. What is the tens digit of o?
6
Suppose 2*r = 2, 14 = 2*c + 5*r + 1. Suppose -c*y + 5*g + 76 = 8, -3*y = -2*g - 51. What is the tens digit of y?
1
Suppose 2*g - 34 = 110. What is the tens digit of g?
7
Let d = -42 + 88. What is the tens digit of d?
4
Suppose 0 = 3*m - t - 14, -7*t + 50 = 5*m - 2*t. What is the units digit of m?
6
Let u(x) = -x**3 - 3*x**2 + x - 4. Let d be u(-4). Suppose -d = -2*y + 3*p, 4*p - 14 = -6. Let z = -4 + y. What is the units digit of z?
3
Let h(n) = -n**2 + n - 1. Let a(z) = -z**3 + 9*z**2 - 5*z + 3. Let m(x) = a(x) + 2*h(x). What is the tens digit of m(6)?
1
What is the tens digit of (-10)/20 + (1134/4)/3?
9
Suppose 0 = -0*k + 5*k + 15, 3*k - 39 = -3*z. What is the units digit of z?
6
Let r(w) = w**2 - 3*w + 3. Let l be r(2). Let x(o) = 2*o + l - o + 3*o**2 - 3*o. What is the units digit of x(1)?
2
Let d = 53 - -280. What is the tens digit of d?
3
Suppose -3*l + o = -5 + 1, -2*l = 3*o + 12. Let y(v) = -v**2 + 4*v**2 + 6 - 4*v**2. What is the units digit of y(l)?
6
Let h(r) = 2*r - 6. Let o(q) = -q**3 - 10*q**2 - 8*q - 1. Let l be o(-9). Let n be 1 + -3 - (l + 3). What is the units digit of h(n)?
4
What is the tens digit of (-42)/(5 - 8)*2?
2
What is the units digit of 2/5 + (-143)/(-5)?
9
Let f(d) = -20*d. Let z be f(-5). Suppose -c = -6*c + z. What is the units digit of c?
0
Let y be (0/(-1))/((-4)/(-2)). Suppose y = -0*m - m + 3. What is the units digit of m?
3
Suppose -3*x + 50 = -85. Suppose 2*l - 3*l + x = 0. What is the units digit of l?
5
Suppose 2*o - 5*o + 66 = 0. Let r = 52 - o. What is the units digit of r?
0
Let f be (-6)/(3 - (-23)/(-7)). Suppose 9*z - 6*z = f. What is the units digit of z?
7
Let d(c) be the third derivative of -c**6/120 - c**5/6 - 5*c**4/12 - 5*c**3/3 + 3*c**2. Let r be d(-9). What is the units digit of (r + 3)*36/8?
9
Let d(x) = 2*x + 7. What is the units digit of d(7)?
1
Suppose -5*w - 8*b + 3*b + 50 = 0, -5*w = b - 30. What is the units digit of w?
5
Suppose 0 = z - 0*z - 2*y + 5, 5*z - 2*y + 1 = 0. What is the tens digit of 11/z + (3 - 4)?
1
Suppose -4*y + 11 = 2*c - 25, 3*y = 15. Let w = c + -3. Suppose -w*f - 16 = -46. What is the units digit of f?
6
What is the units digit of (9 - 3)/((-9)/(-12))?
8
Let w = 467 - 312. What is the hundreds digit of w?
1
Let x(c) = c**2 + 9*c. Let g be x(-8). Let v = 8 + g. Suppose f + 6 - 18 = v. What is the units digit of f?
2
Let m(q) = 2*q**2 - 3 - 13*q + 1 + 6 + 7. What is the units digit of m(8)?
5
What is the units digit of (-1 - -241) + -5 + (-2 - -7)?
0
Let u = 483 + -296. What is the hundreds digit of u?
1
What is the units digit of 4*-2*(4 - 6)?
6
Let b(j) = 4*j**3 + 6*j**2 - 10 - 3*j**3 - 2*j**3 + 9*j. Let s be b(7). Suppose 8 = -s*g + 24. What is the units digit of g?
4
Let a(x) = -x**3 + 5*x